 + 676, -2*d + 3*z = -324. Suppose 0 = 4*l - r - 357, 2*l - d = 9*r - 5*r. Calculate the highest common factor of l and 60.
30
Let y be 1/(-20) - (-16557438)/13560. Calculate the highest common divisor of 1023 and y.
33
Let g(h) be the third derivative of h**5/30 - h**4/4 - 19*h**3/3 + 13*h**2 + 7*h. Let j be g(10). What is the greatest common divisor of j and 816?
102
Let q = 354 - 246. Suppose -f = -5*s - 30, 0*f + 4*s = 5*f - q. Calculate the greatest common factor of 10 and f.
10
Suppose 140*d = -4*z + 133*d + 4388, 4*d = -3*z + 3281. What is the highest common divisor of z and 57?
57
Suppose -8958 + 3501 = 45*d - 152*d. Let q(s) = s**3 + 9*s**2 - 2*s - 3. Let h be q(-4). What is the greatest common factor of h and d?
17
Suppose -18*h + 30 = 4*d - 15*h, -4*h = 2*d - 10. Let r be (24 - 15)/((-2)/(-42)). Calculate the greatest common factor of d and r.
9
Let z be (106/318)/(1/9). Suppose z*l + 12 = -5*m, 21 = l + 2*m + 26. Calculate the greatest common factor of 25 and l.
1
Let s(q) be the second derivative of -q**5/20 - 2*q**4/3 + 13*q**3/6 + 12*q**2 + 22*q + 4. Let y be s(-10). Calculate the greatest common factor of 846 and y.
94
Let d = -1 - -34. Let o be ((13 - 3) + -29)*(-1 - 0). Let h = -16 + o. What is the highest common divisor of h and d?
3
Suppose -5*i + 5*u = -173 - 1387, i + 4*u - 317 = 0. Let m = i - 192. What is the greatest common factor of m and 22?
11
Suppose -4*x = x - 890. Let c be x/4 - (-3)/6. Let t = -2163 + 2181. What is the greatest common factor of c and t?
9
Let c be 3825/135*1527/5. What is the highest common divisor of c and 34?
17
Suppose 118*g = -156*g + 5757 - 825. Calculate the greatest common divisor of 1197 and g.
9
Let m be 126/(-588) - (-16470)/28 - 3. Calculate the highest common factor of 2115 and m.
45
Suppose 15 = -139*x + 142*x - 318. What is the greatest common divisor of 53 and x?
1
Let k be -1 + 350 + 8/4. Let h be (-26)/(7/(-2) - 7/(-42)*9). What is the highest common divisor of h and k?
13
Suppose 28 = g + 9. Suppose 480 = 5*u - 13*u. Let x be (-10215)/u + 9/12. Calculate the greatest common factor of g and x.
19
Let d be (-5)/(-3) - (-4358)/6. Calculate the greatest common divisor of d and 2366.
182
Let s be (2 - (0 - -4)) + 3. Let m be 1*(s - 0/1). Suppose -b + 2462 = 2461. Calculate the highest common divisor of b and m.
1
Suppose -32*w + 11315 = -5*w - 20221. What is the highest common divisor of w and 528?
16
Let o = 159 + -156. Let r be 4 + (273 - 0)/o. What is the highest common factor of 19 and r?
19
Suppose 12*s - 804 - 516 = -8*s. Calculate the highest common factor of 1210 and s.
22
Suppose 2*a = 3*u - 161 + 48, 0 = 5*u + 4*a - 159. Let j be (-3 + u/14)/(1/(-72)). Calculate the highest common divisor of 132 and j.
12
Suppose -4*t - 1477 = 3*q, 2*q - 5*q - 1110 = 3*t. Let n = -558 - t. Let l = 479 + n. What is the greatest common divisor of 36 and l?
36
Let n be -2 + -10 + (13809 - 27). Calculate the greatest common divisor of n and 340.
170
Suppose -28*m - 4288 = 2208. Let j be ((-4)/(-4))/(230/m - -1). Calculate the highest common factor of j and 8.
4
Let n = -1261 - -1629. What is the highest common factor of 64 and n?
16
Let z be (216 - 0) + (43 - 15) + -34. Calculate the greatest common factor of 680 and z.
10
Suppose 223*h = 182*h + 902. Calculate the highest common factor of 1067 and h.
11
Suppose 10*h - 8*h + 313 = 5*l, -5*h = 2*l - 131. Calculate the greatest common divisor of l and 81.
9
Let r be ((9/2 + -2)*-2)/((-54)/5778). What is the highest common divisor of 1391 and r?
107
Let p = 41 - 130. Let h = -48 - p. Suppose -z - 3*q + h = 0, -3*q - 96 - 19 = -5*z. What is the greatest common factor of z and 65?
13
Let g(a) = -52*a - 78. Let i(v) = -17*v - 26. Let s(w) = -2*g(w) + 7*i(w). Let k be s(-4). Calculate the greatest common factor of 238 and k.
34
Let y(d) = 252*d**2 + 9*d - 22. Let p be y(7). What is the highest common factor of p and 26?
13
Suppose 2234 = 5*a + 2*i, -3*a + 1304 = -2624*i + 2620*i. Calculate the greatest common divisor of 9620 and a.
148
Suppose -2*d = 242 + 94. Let j = d - -278. Calculate the greatest common factor of 20 and j.
10
Let b be ((-20)/12)/(-5)*3 + 7. Let x = 32 + -75. Let m = -35 - x. What is the greatest common factor of b and m?
8
Suppose -6*a - 8*a - 9968 = 0. Let q = 726 + a. Suppose -70 = -2*x - 3*x. Calculate the highest common factor of q and x.
14
Let w = 23555 + -15365. Let c be ((-2)/(-6))/(21/w). What is the highest common factor of c and 52?
26
Let c = -451 + 362. Let f = 281 + c. What is the highest common divisor of f and 24?
24
Suppose -4787*b + 4781*b + 3588 = 0. What is the greatest common factor of 46 and b?
46
Let o = -257 - -265. Suppose 0*k = 7*k - 224. Let c = k + -30. Calculate the greatest common divisor of o and c.
2
Suppose 3*s - 28 = 2. Calculate the highest common factor of s and 194.
2
Let o = -846 + 878. What is the greatest common divisor of o and 16?
16
Suppose 0 = i - t - 8039, -i + 4*i + 5*t - 24133 = 0. What is the highest common factor of 187 and i?
187
Let b be (-18)/(-60)*-25*(4 + -2 + -4). Calculate the greatest common factor of 200 and b.
5
Let g be ((-15)/(-45))/((-1)/(-102)). Suppose -d - 37*s + 39*s = -440, 3*d = -3*s + 1329. What is the greatest common factor of g and d?
34
Let y = 165 - 46. Let b = 221 - 170. Calculate the highest common divisor of b and y.
17
Let j = -74 - -110. Suppose -2*m + 672 = 2*h, 3024 = 9*h + 844*m - 842*m. What is the greatest common divisor of h and j?
12
Suppose -3*o - 5*y + 53 = 0, -5*o + 526*y - 521*y = -75. What is the highest common divisor of 7792 and o?
16
Suppose -5*l - 67 + 177 = 0. Suppose -p - 4*c = -824, 6*c - 3257 = -4*p + 3*c. Let b be p/4 + -3 - 2. Calculate the greatest common divisor of b and l.
22
Suppose 6*l = 2*l + 20, -3*k = -5*l - 80. Let d(x) = -x**2 + 30*x - 26. Let i be d(-10). Let p = -421 - i. Calculate the highest common divisor of p and k.
5
Let o(v) be the second derivative of v**4/6 - 7*v**3/6 + 6*v**2 - 2*v + 1. Let h be o(5). Let l = -3 - -6. Calculate the highest common factor of h and l.
3
Let a = 79 - 95. Let r be (4/a)/(2 + (-153)/76). What is the highest common factor of 19 and r?
19
Let q = -3503 - -3603. Calculate the highest common factor of q and 12.
4
Suppose -2*x + 294 = -3*r, 2*x + 5*r = 349 - 71. Calculate the highest common factor of 936 and x.
72
Suppose 2 = 16*p - 30. Suppose p*r + 242 = 368. Let n(t) = t**3 + 3*t**2 - 6*t - 1. Let h be n(-4). Calculate the greatest common divisor of r and h.
7
Let b(g) = 1 - 94 - 6*g + 27. Let d be b(-11). Suppose -u - x + 1 = d, -13 = -3*u + 2*x - 0. Calculate the greatest common factor of u and 39.
3
Let w = -4 - -12. Suppose 0 = 21*h - 86 - 40. Let f be h/(-18)*(-72)/1. What is the highest common factor of f and w?
8
Let j = -508 + 568. What is the greatest common factor of j and 80?
20
Let r be ((720/(-50))/(-12))/(12/5800). What is the greatest common factor of r and 348?
116
Suppose -3*b = -3*q - 87, 6*b - 5*q - 55 = 4*b. Let g = 39 - -96. What is the highest common divisor of g and b?
15
Suppose 23*m - 9035 - 35422 = -6*m. Calculate the highest common divisor of m and 56.
7
Suppose -5*f + 41 = 4*p, 3*f - 5 = -p - 0. Let n be 54 - (-8)/4*1. Calculate the greatest common factor of p and n.
14
Let n = -149 - -150. Let r(o) = o**2 + 6*o + 1. Let m be r(-6). What is the highest common factor of n and m?
1
Let t be (-8 + -11)*22*(-9 - -1). What is the greatest common divisor of 760 and t?
152
Suppose -13 = -m + 387*q - 385*q, 2*m = -5*q + 17. Suppose 3 - 15 = -4*r. What is the highest common factor of r and m?
1
Let s = 1712 + -880. Let b be (8736/(-910))/(6/(-40)). What is the highest common factor of b and s?
64
Let z(d) be the first derivative of 3*d**2/2 + 7*d - 27. Let o be z(9). Let h = o - 11. What is the greatest common factor of h and 92?
23
Let c(u) = u**3 - 11*u**2 - 15*u + 11. Let f be c(13). Suppose 80 = 9*n - f. What is the greatest common divisor of 13 and n?
13
Let j(s) = -245*s - 294. Let h be j(-2). What is the highest common factor of h and 20?
4
Let h = 32 - 17. Let j(v) = v**3 - 82*v**2 + 1682*v - 25. Let n be j(40). Calculate the highest common factor of n and h.
5
Let d be 13177 + ((-2)/(-4) - (-7)/140*-110). Calculate the highest common factor of d and 444